?
4
What is the hundred thousands digit of 336540?
3
What is the hundreds digit of 2511029?
0
What is the units digit of 49741?
1
What is the ten thousands digit of 1544910?
4
What is the thousands digit of 3065032?
5
What is the hundred thousands digit of 237047?
2
What is the thousands digit of 2696066?
6
What is the units digit of 372665?
5
What is the units digit of 323549?
9
What is the thousands digit of 857312?
7
What is the ten thousands digit of 159824?
5
What is the tens digit of 2882540?
4
What is the hundreds digit of 673094?
0
What is the ten thousands digit of 2698797?
9
What is the hundreds digit of 601542?
5
What is the thousands digit of 20817567?
7
What is the hundred thousands digit of 234334?
2
What is the hundreds digit of 1266610?
6
What is the hundred thousands digit of 10610346?
6
What is the hundreds digit of 78999?
9
What is the units digit of 192712?
2
What is the hundred thousands digit of 237494?
2
What is the ten thousands digit of 201760?
0
What is the hundreds digit of 5679748?
7
What is the millions digit of 4962607?
4
What is the ten thousands digit of 883376?
8
What is the thousands digit of 428581?
8
What is the ten thousands digit of 1602787?
0
What is the tens digit of 149356?
5
What is the ten thousands digit of 235982?
3
What is the hundreds digit of 62289?
2
What is the units digit of 4822861?
1
What is the ten thousands digit of 15395680?
9
What is the ten thousands digit of 7434914?
3
What is the tens digit of 1506168?
6
What is the hundred thousands digit of 190165?
1
What is the ten thousands digit of 11471671?
7
What is the millions digit of 5917253?
5
What is the ten millions digit of 15116573?
1
What is the ten thousands digit of 605573?
0
What is the hundred thousands digit of 1665897?
6
What is the thousands digit of 252420?
2
What is the ten thousands digit of 1530256?
3
What is the units digit of 4024381?
1
What is the units digit of 124965?
5
What is the hundred thousands digit of 169021?
1
What is the thousands digit of 3016156?
6
What is the ten thousands digit of 4484017?
8
What is the units digit of 99115?
5
What is the millions digit of 19526969?
9
What is the millions digit of 1950348?
1
What is the thousands digit of 480072?
0
What is the units digit of 13806681?
1
What is the hundred thousands digit of 620228?
6
What is the tens digit of 355011?
1
What is the ten thousands digit of 4935534?
3
What is the millions digit of 1061342?
1
What is the millions digit of 3776485?
3
What is the hundreds digit of 2315322?
3
What is the units digit of 10494219?
9
What is the hundreds digit of 13394095?
0
What is the tens digit of 11325055?
5
What is the thousands digit of 7936279?
6
What is the thousands digit of 3688575?
8
What is the hundreds digit of 270609?
6
What is the hundreds digit of 3356272?
2
What is the tens digit of 1602048?
4
What is the hundreds digit of 4022151?
1
What is the thousands digit of 382531?
2
What is the thousands digit of 595456?
5
What is the units digit of 930984?
4
What is the hundred thousands digit of 2034160?
0
What is the units digit of 560064?
4
What is the thousands digit of 792125?
2
What is the ten thousands digit of 207225?
0
What is the hundreds digit of 1758121?
1
What is the thousands digit of 50701?
0
What is the ten thousands digit of 238118?
3
What is the hundreds digit of 161043?
0
What is the hundreds digit of 178653?
6
What is the units digit of 1555376?
6
What is the hundreds digit of 5140526?
5
What is the units digit of 216664?
4
What is the ten thousands digit of 341667?
4
What is the millions digit of 18915616?
8
What is the hundreds digit of 5401797?
7
What is the tens digit of 319047?
4
What is the tens digit of 380651?
5
What is the hundred thousands digit of 2970742?
9
What is the thousands digit of 217445?
7
What is the millions digit of 1181571?
1
What is the units digit of 186870?
0
What is the hundreds digit of 422773?
7
What is the tens digit of 1092017?
1
What is the tens digit of 3114179?
7
What is the ten thousands digit of 3528742?
2
What is the hundred thousands digit of 1932647?
9
What is the ten thousands digit of 789401?
8
What is the tens digit of 2770249?
4
What is the hundred thousands digit of 543383?
5
What is the ten thousands digit of 1273946?
7
What is the ten thousands digit of 261387?
6
What is the hundreds digit of 151910?
9
What is the tens digit of 2084257?
5
What is the hundred thousands digit of 3647201?
6
What is the thousands digit of 1903275?
3
What is the millions digit of 2569388?
2
What is the thousands digit of 17881416?
1
What is the hundred thousands digit of 193072?
1
What is the units digit of 146702?
2
What is the hundred thousands digit of 29003223?
0
What is the hundreds digit of 6923446?
4
What is the thousands digit of 1309316?
9
What is the hundred thousands digit of 4054038?
0
What is the hundreds digit of 1813888?
8
What is the tens digit of 11768039?
3
What is the thousands digit of 128691?
8
What is the hundred thousands digit of 166724?
1
What is the thousands digit of 351058?
1
What is the ten thousands digit of 313020?
1
What is the thousands digit of 15898430?
8
What is the thousands digit of 46993?
6
What is the tens digit of 29063268?
6
What is the ten thousands digit of 211366?
1
What is the ten thousands digit of 2816480?
1
What is the millions digit of 9049397?
9
What is the ten thousands digit of 176013?
7
What is the hundreds digit of 10018167?
1
What is the ten thousands digit of 9883871?
8
What is the ten thousands digit of 2450358?
5
What is the hundreds digit of 5349914?
9
What is the hundreds digit of 8588683?
6
What is the tens digit of 7057953?
5
What is the tens digit of 3989784?
8
What is the thousands digit of 130992?
0
What is the tens digit of 310850?
5
What is the hundred thousands digit of 4578339?
5
What is the thousands digit of 586318?
6
What is the millions digit of 19849699?
9
What is the hundreds digit of 9752739?
7
What is the units digit of 469768?
8
What is the hundreds digit of 292050?
0
What is the hundreds digit of 2404275?
2
What is the units digit of 82030?
0
What is the units digit of 14217032?
2
What is the tens digit of 634102?
0
What is the hundreds digit of 239061?
0
What is the units digit of 1423794?
4
What is the ten thousands digit of 3800401?
0
What is the thousands digit of 165244?
5
What is the hundreds digit of 4379236?
2
What is the hundreds digit of 223507?
5
What is the hundreds digit of 226628?
6
What is the hundreds digit of 1212629?
6
What is the hundreds digit of 1676908?
9
What is the ten thousands digit of 3149446?
4
What is the ten thousands digit of 31997349?
9
What is the ten millions digit of 12114707?
1
What is the units digit of 1563040?
0
What is the ten millions digit of 11939355?
1
What is the thousands digit of 1056931?
6
What is the hundred thousands digit of 601108?
6
What is the units digit of 11676983?
3
What is the tens digit of 254388?
8
What is the units digit of 7693802?
2
What is the tens digit of 230719?
1
What is the tens digit of 228260?
6
What is the ten millions digit of 22923589?
2
What is the tens digit of 115773?
7
What is the units digit of 558713?
3
What is the units digit of 5104509?
9
What is the ten thousands digit of 3743481?
4
What is the ten thousands digit of 8509160?
0
What is the units digit of 154058?
8
What is the tens digit of 14434534?
3
What is the hundred thousands digit of 806055?
8
What is the ten thousands digit of 957675?
5
What is the ten millions digit of 19389664?
1
What is the tens digit of 2947977?
7
What is the hundred thousands digit of 537534?
5
What is the ten thousands digit of 1525016?
2
What is the tens digit of 2949009?
0
What is the tens digit of 17496578?
7
What is the units digit of 15016633?
3
What is the thousands digit of 8154205?
4
What is the ten thousands digit of 85106?
8
What is the hundred thousands digit of 209180?
2
What is the thousands digit of 1461976?
1
What is the thousands digit of 11746636?
6
What is the ten thousands digit of 275322?
7
What is the ten millions digit of 14704546?
1
What is the hundred thousands digit of 714029?
7
What is the ten thousands digit of 470122?
7
What is the tens digit of 1389030?
3
What is the hundreds digit of 9268